o base 12.
-27b0
Convert d34 (base 15) to base 4.
232132
What is 123120 (base 4) in base 16?
6d8
Convert -3221 (base 9) to base 13.
-1102
What is -369 (base 12) in base 7?
-1332
Convert 1620 (base 8) to base 10.
912
616 (base 10) to base 9
754
What is -60 (base 14) in base 15?
-59
What is 2204 (base 7) in base 13?
488
Convert -5332 (base 7) to base 13.
-b20
What is 443 (base 7) in base 10?
227
What is 974d (base 15) in base 5?
2011043
3424 (base 5) to base 4
13221
Convert -413 (base 7) to base 4.
-3032
What is -20202131 (base 4) in base 10?
-34973
Convert 23204 (base 5) to base 4.
122033
Convert -221 (base 7) to base 11.
-a3
Convert 2555 (base 6) to base 14.
343
What is -1b99 (base 16) in base 13?
-32a6
-310130 (base 4) to base 3
-11121022
What is -1110101 (base 2) in base 7?
-225
Convert -112120111 (base 3) to base 13.
-4ab3
Convert -85c (base 13) to base 5.
-21204
What is 3421 (base 9) in base 12?
156a
4304 (base 7) to base 10
1523
Convert -295 (base 16) to base 9.
-814
What is 16275 (base 10) in base 9?
24283
Convert 32431 (base 5) to base 15.
9e6
21075 (base 8) to base 11
6649
What is 10635 (base 9) in base 2?
1101110100111
What is -2005 (base 10) in base 11?
-1563
What is -55301 (base 6) in base 16?
-1df5
What is -14221 (base 6) in base 4?
-203011
303 (base 7) to base 10
150
32223 (base 5) to base 12
1324
Convert 46622 (base 8) to base 6.
231534
Convert -330 (base 13) to base 14.
-2b0
-3323002 (base 4) to base 13
-740b
Convert -1403 (base 5) to base 11.
-198
-2d7 (base 14) to base 15
-28b
What is -221002 (base 3) in base 16?
-2a5
Convert -34161 (base 7) to base 11.
-656a
-1213 (base 4) to base 13
-7c
-6472 (base 15) to base 4
-11030021
What is 2301 (base 4) in base 3?
20120
15958 (base 10) to base 2
11111001010110
Convert -20 (base 9) to base 6.
-30
What is -284 (base 9) in base 12?
-17a
1431 (base 5) to base 10
241
Convert -2022110 (base 3) to base 14.
-886
What is 1011010110000 (base 2) in base 12?
3440
Convert 100f (base 16) to base 15.
1341
1cb (base 14) to base 4
11313
-1322 (base 5) to base 7
-422
-a39 (base 15) to base 2
-100100000000
28 (base 12) to base 11
2a
Convert -1022012 (base 3) to base 8.
-1666
-ae (base 16) to base 7
-336
Convert -605 (base 14) to base 6.
-5245
What is 111111011 (base 2) in base 7?
1323
Convert -221 (base 5) to base 13.
-49
What is -1543 (base 6) in base 8?
-647
338 (base 13) to base 5
4204
-103250 (base 9) to base 3
-10010021200
What is 2103103 (base 5) in base 11?
24147
-4f58 (base 16) to base 2
-100111101011000
-110000010111 (base 2) to base 9
-4218
-53d8 (base 14) to base 8
-34242
-22bc (base 13) to base 14
-1ad1
What is -3e6 (base 15) in base 10?
-891
79bb (base 15) to base 8
62342
What is -12213 (base 5) in base 8?
-1645
Convert bca (base 15) to base 10.
2665
526 (base 9) to base 11
360
Convert -13156 (base 7) to base 4.
-313000
What is 313113 (base 4) in base 12?
2073
What is 36734 (base 8) in base 2?
11110111011100
11010000101111 (base 2) to base 16
342f
What is -212226 (base 7) in base 13?
-139b3
What is -13330 (base 4) in base 7?
-1324
What is -20593 (base 13) in base 6?
-1124531
Convert -10212011 (base 3) to base 10.
-2812
Convert 371 (base 11) to base 6.
2013
Convert -220112 (base 3) to base 8.
-1226
Convert -3221 (base 13) to base 8.
-15454
What is 150411 (base 6) in base 10?
14407
What is 7b46 (base 14) in base 7?
116316
-575 (base 10) to base 8
-1077
What is 2ea (base 15) in base 4?
22132
734 (base 9) to base 13
370
What is -135415 (base 7) in base 11?
-18536
What is fd (base 16) in base 4?
3331
What is 185 (base 15) in base 6?
1342
What is f7d (base 16) in base 7?
14363
What is -11111100 (base 3) in base 11?
-2509
What is 15a84 (base 12) in base 5?
1442131
Convert -1317 (base 10) to base 15.
-5cc
Convert 10110011010101 (base 2) to base 16.
2cd5
What is -10a (base 16) in base 15?
-12b
-10011 (base 9) to base 13
-2cb6
What is -20020100 (base 3) in base 5?
-121140
What is 344133 (base 5) in base 15?
3a2d
What is -572a (base 12) in base 9?
-14247
-8f6 (base 16) to base 5
-33134
What is -5180 (base 9) in base 2?
-111011010110
What is 43424 (base 6) in base 10?
5992
What is 4784 (base 11) in base 3?
22120222
Convert 353 (base 8) to base 12.
177
-16256 (base 7) to base 2
-1000111110110
-8 (base 12) to base 8
-10
What is -21001 (base 6) in base 3?
-10212001
Convert 12603 (base 7) to base 2.
110100111000
What is -6744 (base 9) in base 10?
-4981
What is 174 (base 14) in base 5?
2143
1ab2 (base 15) to base 4
1122200
3414122 (base 5) to base 7
341331
-493c (base 16) to base 8
-44474
14122 (base 6) to base 8
4242
Convert -21012 (base 3) to base 6.
-522
What is 99 (base 12) in base 15?
7c
Convert 1507 (base 14) to base 13.
1910
Convert 66363 (base 7) to base 8.
40420
Convert 2705 (base 11) to base 15.
1094
What is -5687 (base 11) in base 8?
-16464
383 (base 9) to base 3
102210
Convert 35329 (base 10) to base 6.
431321
What is 37164 (base 8) in base 13?
737b
40405 (base 6) to base 15
18a8
What is 306 (base 14) in base 2?
1001010010
20b5 (base 13) to base 15
152c
1d9 (base 16) to base 6
2105
What is -225231 (base 7) in base 4?
-21310323
Convert 2002120011 (base 3) to base 11.
28a85
-1201000 (base 3) to base 9
-1630
Convert 1414321 (base 5) to base 8.
71230
140 (base 6) to base 2
111100
What is -13204 (base 5) in base 10?
-1054
1b1c (base 13) to base 12
2441
What is 4820 (base 14) in base 10?
12572
What is -341 (base 9) in base 5?
-2110
-31133 (base 7) to base 13
-3611
-112220 (base 3) to base 2
-110010010
What is -1e7 (base 15) in base 6?
-2014
Convert -110011101001101 (base 2) to base 12.
-13379
-7135 (base 9) to base 14
-1c88
1021000121 (base 3) to base 15
7537
What is -20601 (base 13) in base 11?
-3a752
What is 2c3d (base 15) in base 6?
112004
What is fb0 (base 16) in base 12?
23a8
Convert 13332020 (base 4) to base 3.
1122210012
-12224 (base 10) to base 3
-121202202
1001211 (base 3) to base 11
648
What is -3034231 (base 5) in base 11?
-34063
Convert 429 (base 12) to base 5.
4414
What is -3817 (base 9) in base 16?
-b23
Convert 447 (base 11) to base 2.
1000010111
100120 (base 3) to base 11
215
-101011011100 (base 2) to base 14
-1028
-7265 (base 10) to base 7
-30116
485 (base 9) to base 10
401
457 (base 13) to base 10
748
What is -3d16 (base 14) in base 13?
-4bba
154 (base 6) to base 8
106
Convert -2 (base 15) to base 4.
-2
What is 66b1 (base 12) in base 7?
45064
What is 13501 (base 7) in base 15?
1151
What is -75a (base 16) in base 13?
-b1a
Convert 36880 (base 9) to base 5.
1243102
43e (base 16) to base 14
578
125c (base 13) to base 14
d48
What is -2945 (base 12) in base 7?
-20003
Convert 229a (base 11) to base 12.
18b1
Convert 1111021 (base 3) to base 15.
4c7
Convert -1012100120 (base 3) to base 14.
-884a
-74b (base 12) to base 5
-13232
Convert -431 (base 6) to base 8.
-243
100001010111 (base 2) to base 9
2832
2ab3 (base 12) to base 15
1756
What is -6a28 (base 11) in base 6?
-110414
-6a3 (base 12) to base 3
-1100120
What is -11100 (base 2) in base 13?
-22
Convert 5017 (base 10) to base 11.
3851
-101001000 (base 2) to base 11
-279
Convert -121 (base 15) to base 7.
-514
What is 428 (base 12) in base 15?
2a8
35202 (base 7) to base 3
110101000
What is -372b6 (base 12) in base 14?
-1d33c
Convert 4bd (base 15) to base 7.
3100
Convert -101313 (base 4) to base 6.
-5143
-2323 (base 8) to base 14
-643
-23220 (base 5) to base 11
-12a2
-51b (base 12) to base 10
-743
What is -6b (base 13) in base 11?
-81
3020443 (base 5) to base 15
e468
What is c26 (base 16) in base 10?
3110
What is b24 (base 13) in base 14?
98d
What is 54bc (base 15) in base 16?
4620
11002 (base 3) to base 9
132
Convert 220302 (base 5) to base 15.
23a2
What is -3501 (base 15) in base 5?
-330001
Convert -78a (base 14) to base 12.
-a46
Convert 94a (base 16) to base 7.
6635
What is 101100100110 (base 2) in base 12?
179a
Convert -5062 (base 8) to base 16.
-a32
Convert 34645 (base 8) to base 11.
100a6
What is 11412 (base 6) in base 4?
122000
What is 25220 (base 7) in base 6?
50405
What is -2ae (base 16) in base 4?
-22232
What is 101011011 (base 2) in base 15?
182
112112 (base 3) to base 4
12020
What is -2533 (base 11) in base 12?
-1ab3
325 (base 9) to base 6
1122
5a96 (base 13) to base 14
4942
Convert 733 (base 12) to base 8.
2027
Convert 105 (base